118*s**2 - 3*s + 177. Determine o(59).
0
Let y(r) = r**3 + 48*r**2 + 91*r - 139. Give y(-46).
-93
Let l(x) = 2*x**3 - 134*x**2 + 105*x + 1774. Determine l(66).
-8
Let s(j) = 42*j - 68. Give s(5).
142
Let w(y) = 5878*y - 23498. Give w(4).
14
Let p(u) = u**3 + 23*u**2 - 115*u + 20. Give p(-27).
209
Let s(g) = -1494*g - 26884. Calculate s(-18).
8
Let j(i) = -43*i + 1049. Calculate j(27).
-112
Let k(f) = 26*f - 1240. Determine k(47).
-18
Let q(u) = 2*u**3 + 85*u**2 - 44*u - 57. Calculate q(-43).
-14
Let w(z) = -z**3 - 18*z**2 - 77*z + 13. Calculate w(-10).
-17
Let b(j) = j**2 - 28*j + 70. Calculate b(33).
235
Let r(i) = -i**3 - 49*i**2 + 741*i - 106. Determine r(12).
2
Let a(z) = 2*z**2 + 173*z + 384. Calculate a(-84).
-36
Let u(k) = -2*k**2 + 73*k + 367. Determine u(-5).
-48
Let m(s) = -12*s**2 - 133*s + 131. What is m(-12)?
-1
Let p(y) = 244*y + 7558. Calculate p(-31).
-6
Let k(j) = j**3 - 96*j**2 + 1623*j + 379. Calculate k(74).
9
Let i(y) = -y**3 + 15*y**2 - 6*y + 76. Calculate i(15).
-14
Let c(s) = 3*s**3 + 6*s**2 - 7*s - 51. Give c(-3).
-57
Let p(b) = -35*b + 1698. What is p(47)?
53
Let z(v) = 89*v**2 + 1. What is z(-1)?
90
Let p(n) = -n**3 + 16*n**2 - 63*n + 104. Give p(12).
-76
Let h(k) = 2*k**3 - 169*k**2 - 82*k - 270. Give h(85).
-15
Let t(d) = d**3 + 4*d - 2. Give t(-5).
-147
Let a(y) = 10*y**2 + 48*y + 29. What is a(-4)?
-3
Let z(x) = 4*x**3 - x**2 - 20*x - 35. Determine z(-2).
-31
Let x(u) = 31*u**3 - u**2 - 9*u - 7. What is x(-1)?
-30
Let i(l) = -l**3 - 5*l**2 + 228*l + 59. Give i(13).
-19
Let h(s) = 3*s**2 + 67*s + 348. What is h(-8)?
4
Let d(u) = -3*u**2 - 237*u - 1. Determine d(-78).
233
Let o(q) = -2*q**3 - 6*q**2 + 26*q - 40. Give o(4).
-160
Let c(y) = y**2 - 48*y + 281. Determine c(41).
-6
Let f(r) = -r**3 + 55*r**2 + 91*r + 1297. Give f(57).
-14
Let x(g) = -g - 13. Give x(-10).
-3
Let q(h) = -1139*h + 2278. What is q(2)?
0
Let k(r) = 2*r**3 - 529*r**2 + 1305*r + 1291. Determine k(262).
-19
Let q(g) = 239*g - 15514. Give q(65).
21
Let o(d) = -51*d - 51. Determine o(1).
-102
Let k(v) = v**2 + 20*v + 9. Determine k(-6).
-75
Let q(p) = p**3 - 14*p**2 - 11*p - 38. Give q(15).
22
Let g(m) = 358*m + 4967. What is g(-14)?
-45
Let a(c) = 5*c**2 - 105*c + 612. Give a(13).
92
Let y(j) = -3*j**2 + 4*j + 796. Determine y(17).
-3
Let m(r) = 120*r - 5519. Determine m(46).
1
Let b(h) = -3*h**3 + 45*h**2 - 7*h + 19. Give b(15).
-86
Let j(k) = -k**3 + 7*k**2 - 14*k + 449. Calculate j(10).
9
Let w(y) = -y**2 + 85*y + 1023. Determine w(-11).
-33
Let o(g) = 11*g**3 - 7*g**2 + 3*g - 6. Calculate o(3).
237
Let i(m) = -34*m - 115. Calculate i(-3).
-13
Let o(a) = a**2 - 891*a + 7962. Give o(9).
24
Let u(p) = 4*p**3 - 5*p**2 - 10*p + 14. Give u(-2).
-18
Let t(i) = -i**2 - 249*i - 3932. What is t(-17)?
12
Let t(a) = 3*a**3 - 76*a**2 + 323*a - 5. Determine t(20).
55
Let m(p) = 65*p - 2254. Calculate m(34).
-44
Let g(o) = -106*o - 844. Give g(-8).
4
Let j(p) = -32*p**3 + 2*p**2 + 3*p - 3. Calculate j(2).
-245
Let d(r) = -2*r**3 - 2*r**2 - 7*r + 20. Give d(3).
-73
Let h(v) = 21*v + 155. Calculate h(-6).
29
Let x(q) = 256*q + 190. What is x(-1)?
-66
Let y(q) = -3*q**2 - 10*q + 1. Give y(-5).
-24
Let n(a) = -12*a - 168. Calculate n(-11).
-36
Let v(a) = -184*a + 2011. What is v(11)?
-13
Let j(s) = -s**2 - 57*s + 204. Calculate j(3).
24
Let c(g) = g**2 + g - 3. What is c(-12)?
129
Let o(u) = u**2 + 106*u - 4955. Give o(-141).
-20
Let r(f) = -33*f + 114. Calculate r(6).
-84
Let m(k) = k**2 - 50*k + 418. Determine m(37).
-63
Let u(b) = -b**2 - 46*b - 190. Calculate u(-38).
114
Let m(f) = 45*f**2 - 4093*f - 190. Calculate m(91).
-8
Let a(b) = -149*b + 13259. What is a(89)?
-2
Let x(b) = -2*b**2 - 5*b + 65. Give x(-7).
2
Let a(z) = 333*z - 1699. Give a(6).
299
Let m(h) = 93*h + 6141. What is m(-66)?
3
Let r(l) = -388*l - 16308. What is r(-42)?
-12
Let x(f) = -562*f - 2792. Calculate x(-5).
18
Let j(a) = -39*a - 6030. What is j(-154)?
-24
Let b(n) = n**3 - 16*n**2 + 57*n - 21. Calculate b(4).
15
Let j(o) = -o**2 + 26*o + 204. Give j(-6).
12
Let r(v) = -3367*v + 13466. Calculate r(4).
-2
Let a(f) = f**3 + 151*f**2 + 293*f - 723. Give a(-149).
22
Let z(l) = -l**2 + 1776*l - 22930. Determine z(13).
-11
Let j(r) = -6*r**2 + 69*r + 279. Determine j(-5).
-216
Let x(g) = -3*g**3 - 152*g**2 + 2799*g + 264. Give x(-65).
4
Let w(s) = -s**3 - 83*s**2 - 397*s - 551. What is w(-78)?
-5
Let w(q) = -q**2 + 27*q - 164. Determine w(10).
6
Let u(m) = 1280*m - 3818. What is u(3)?
22
Let g(a) = a**2 - 26*a + 172. Give g(7).
39
Let d(j) = 260*j - 5202. Calculate d(20).
-2
Let a(q) = -7*q**3 - 349*q**2 + 56*q + 300. Calculate a(-50).
0
Let j(p) = p**2 + p - 71. Give j(11).
61
Let o(x) = -14*x - 420. What is o(-26)?
-56
Let b(x) = -x**3 + 17*x**2 - 12*x + 21. Give b(5).
261
Let a(p) = 5*p**3 + 2*p**2 + 160*p + 324. What is a(-2)?
-28
Let p(g) = -13*g**2 + 94*g - 43. Calculate p(8).
-123
Let t(b) = -23*b + 303. What is t(16)?
-65
Let w(i) = 3*i**2 - 7*i - 132. What is w(14)?
358
Let q(f) = 206*f + 822. Determine q(-4).
-2
Let o(k) = -36*k - 1145. Calculate o(-31).
-29
Let r(m) = -7*m + 63. What is r(19)?
-70
Let l(j) = -j**3 - 3*j**2 + 160*j - 70. What is l(11)?
-4
Let p(w) = w**3 + 90*w**2 + 356*w + 19. Calculate p(-4).
-29
Let h(y) = -327*y - 5554. Determine h(-17).
5
Let h(t) = -t**3 + 35*t**2 + 74*t + 24. What is h(37)?
24
Let n(o) = -10*o**3 + o**2 - 6*o + 4. Give n(3).
-275
Let w(c) = 5*c**3 - 34*c**2 + 24*c - 225. Determine w(7).
-8
Let f(k) = 3*k**3 + k**2 - 66*k - 135. What is f(-2)?
-23
Let k(p) = 14*p + 163. Determine k(-13).
-19
Let s(k) = 56*k - 1698. Determine s(30).
-18
Let g(f) = -54*f - 517. Determine g(-10).
23
Let u(m) = -4*m**2 + 8*m + 50. Give u(8).
-142
Let f(p) = -1103*p + 11026. Calculate f(10).
-4
Let t(r) = 4*r - 18. What is t(-14)?
-74
Let y(h) = h**3 - 60*h**2 - 3*h + 14. Calculate y(0).
14
Let x(l) = 81*l - 980. Give x(12).
-8
Let a(x) = 23*x + 170. What is a(-7)?
9
Let w(h) = 1537*h + 15320. Calculate w(-10).
-50
Let z(v) = 45*v - 281. What is z(7)?
34
Let k(v) = -45*v + 146. Give k(3).
11
Let l(n) = 17*n - 148. Calculate l(5).
-63
Let t(o) = -90*o - 3692. Determine t(-41).
-2
Let o(g) = -2*g**2 - 32*g - 123. What is o(-9)?
3
Let i(z) = 8*z**2 + 8*z + 14. What is i(-6)?
254
Let a(p) = -2*p**2 - 189*p + 25. Determine a(-95).
-70
Let t(n) = -12*n**2 - 17*n - 72. Give t(-5).
-287
Let v(g) = 138*g - 1787. What is v(13)?
7
Let q(y) = y**3 + 26*y**2 + 2*y + 55. Determine q(-26).
3
Let l(d) = -68*d**2 + 480*d + 20. Determine l(7).
48
Let h(c) = 9*c**2 + 210*c + 101. Determine h(-23).
32
Let w(a) = -2*a**2 + 4*a + 21. Calculate w(5).
-9
Let n(w) = w**3 - 55*w**2 + 3*w - 265. Determine n(55).
-100
Let n(j) = -j**3 - 97*j**2 + 2760*j - 35. Calculate n(-120).
-35
Let w(v) = -70*v**2 + 9*v + 20. Determine w(-2).
-278
Let g(a) = -7*a**2 - 199*a - 618. What is g(-3)?
-84
Let t(p) = 300*p - 4012. Calculate t(13).
-112
Let l(n) = n**3 + 26*n**2 + 6*n + 6. Calculate l(-26).
-150
Let c(x) = -2*x**3 + 59*x**2 + 44*x - 348. Calculate c(30).
72
Let g(t) = 13*t + 119. Determine g(-11).
-24
Let t(k) = -3*k**3 - 14*k**2 + 112*k + 543. Determine t(-5).
8
Let c(k) = 20*k - 89. Calculate c(10).
111
Let f(z) = -672*z + 10188. Give f(15).
108
Let t(l) = -9*l**2 - 21. Calculate t(0).
-21
Let a(d) = d**3 - 10*d**2 - 7*d + 66. Give a(8).
-118
Let j(u) = -u**2 + 14*u + 262. Determine j(23).
55
Let m(h) = 2*h**2 + 64*h + 228. Determine m(-31).
166
Let b(p) = -1446*p + 5786. Determine b(4).
2
Let g(o) = 4*o**3 + 59*o**2 - 3*o + 39. Calculate g(-15).
-141
Let p(b) = 32*b**2 + 1149*b - 69. Give p(-36).
39
Let l(w) = w**3 + 33*w**2 + 12*w + 422. What is l(-33)?
26
Let j(h) = -425*h - 2527. Give j(-6).
23
Let o(p) = -3*p**3 + 26*p**2 - 24*p + 59. Give o(8).
-5
Let f(k) = 108*k - 91. Calculate f(1).
17
Let w(u) = 3*u**2 + 869*u + 1. Calculate w(0).
1
Let u(w) = 2*w**2 - 122*w + 416. Give u(57).
-40
Let y(o) = -3*o**2 + 398*o - 277. Calculate y(132).
-13
Let s(t) = 47*t**2 - 280*t + 13. Give s(6).
25
Let u(a) = 5*a**3 + 5*a**2 - 3*a - 6. What is u(-5)?
-491
Let x(j) = 38*j**2 + 4*j + 1. What is x(2)?
161
Let v(f) = 18*f**2 + 255*f + 1568. Calculate v(-6).
686
Let f(z) = z**2 + 29*z + 73. What is f(-21)?
-95
Let q(o) = -2806*o - 30861. What is q(-11)?
5
Let x(g) = -803*g - 4638. What is x(-6)?
1